{"id":451,"date":"2016-11-17T14:26:55","date_gmt":"2016-11-17T13:26:55","guid":{"rendered":"https:\/\/www.dsg-thalheim.at\/?page_id=451"},"modified":"2016-11-17T14:27:13","modified_gmt":"2016-11-17T13:27:13","slug":"verein","status":"publish","type":"page","link":"https:\/\/www.dsg-thalheim.at\/?page_id=451","title":{"rendered":"Verein"},"content":{"rendered":"","protected":false},"excerpt":{"rendered":"","protected":false},"author":2,"featured_media":0,"parent":0,"menu_order":0,"comment_status":"closed","ping_status":"closed","template":"","meta":{"jetpack_post_was_ever_published":false,"footnotes":""},"class_list":["post-451","page","type-page","status-publish","hentry"],"jetpack_sharing_enabled":false,"jetpack_shortlink":"https:\/\/wp.me\/P85jKq-7h","jetpack-related-posts":[{"id":171,"url":"https:\/\/www.dsg-thalheim.at\/?page_id=171","url_meta":{"origin":451,"position":0},"title":"50 Jahre DSG Thalheim","author":"Klaus Gramberger","date":"9. November 2016","format":false,"excerpt":"Die DSG Thalheim feierte im Jahr 2014 bereits ihr 50 Jahre Jubil\u00e4um. Zu diesem Anlass wurde eine gro\u00dfe Feier organisiert und f\u00fcr alle Besucher, DSG Mitglieder etc. eine Brosch\u00fcre \u00fcber uns erstellt. Diese Brosch\u00fcre k\u00f6nnt ihr Euch hier ansehen und viel \u00fcber uns erfahren... Unser Werdegang vom Freundeskreis zum Verein,\u2026","rel":"","context":"\u00c4hnlicher Beitrag","block_context":{"text":"\u00c4hnlicher Beitrag","link":""},"img":{"alt_text":"","src":"","width":0,"height":0},"classes":[]}],"_links":{"self":[{"href":"https:\/\/www.dsg-thalheim.at\/index.php?rest_route=\/wp\/v2\/pages\/451","targetHints":{"allow":["GET"]}}],"collection":[{"href":"https:\/\/www.dsg-thalheim.at\/index.php?rest_route=\/wp\/v2\/pages"}],"about":[{"href":"https:\/\/www.dsg-thalheim.at\/index.php?rest_route=\/wp\/v2\/types\/page"}],"author":[{"embeddable":true,"href":"https:\/\/www.dsg-thalheim.at\/index.php?rest_route=\/wp\/v2\/users\/2"}],"replies":[{"embeddable":true,"href":"https:\/\/www.dsg-thalheim.at\/index.php?rest_route=%2Fwp%2Fv2%2Fcomments&post=451"}],"version-history":[{"count":1,"href":"https:\/\/www.dsg-thalheim.at\/index.php?rest_route=\/wp\/v2\/pages\/451\/revisions"}],"predecessor-version":[{"id":452,"href":"https:\/\/www.dsg-thalheim.at\/index.php?rest_route=\/wp\/v2\/pages\/451\/revisions\/452"}],"wp:attachment":[{"href":"https:\/\/www.dsg-thalheim.at\/index.php?rest_route=%2Fwp%2Fv2%2Fmedia&parent=451"}],"curies":[{"name":"wp","href":"https:\/\/api.w.org\/{rel}","templated":true}]}}